{"id":23,"date":"2023-06-14T13:18:15","date_gmt":"2023-06-14T11:18:15","guid":{"rendered":"https:\/\/moc-sms.pl\/?page_id=23"},"modified":"2023-06-14T13:18:16","modified_gmt":"2023-06-14T11:18:16","slug":"o-dariusz-piorkowski-sj","status":"publish","type":"page","link":"https:\/\/moc-sms.pl\/index.php\/o-dariusz-piorkowski-sj\/","title":{"rendered":"o. Dariusz Pi\u00f3rkowski SJ"},"content":{"rendered":"\n<figure class=\"wp-block-image size-full\"><img loading=\"lazy\" decoding=\"async\" width=\"925\" height=\"592\" src=\"https:\/\/moc-sms.pl\/wp-content\/uploads\/2023\/06\/piorkowski.jpg\" alt=\"\" class=\"wp-image-24\" srcset=\"https:\/\/moc-sms.pl\/wp-content\/uploads\/2023\/06\/piorkowski.jpg 925w, https:\/\/moc-sms.pl\/wp-content\/uploads\/2023\/06\/piorkowski-300x192.jpg 300w, https:\/\/moc-sms.pl\/wp-content\/uploads\/2023\/06\/piorkowski-768x492.jpg 768w\" sizes=\"auto, (max-width: 925px) 100vw, 925px\" \/><\/figure>\n\n\n\n<p>Dariusz Pi\u00f3rkowski \u2212 jezuita, duszpasterz, do\u015bwiadczony kierownik duchowy i rekolekcjonista. Autor publikacji po\u015bwi\u0119conych duchowo\u015bci, rozwojowi osobistemu i Biblii, m.in. O duchowo\u015bci z krwi i ko\u015bci, Ksi\u0105\u017ceczka o mi\u0142osierdziu i Spodziewaj si\u0119 Dobra. Publikuje w \u201e\u017byciu Duchowym\u201d, \u201eW Drodze\u201d i na portalu DEON.pl. Mieszka w Krakowie.<\/p>\n","protected":false},"excerpt":{"rendered":"<p>Dariusz Pi\u00f3rkowski \u2212 jezuita, duszpasterz, do\u015bwiadczony kierownik duchowy i rekolekcjonista. Autor publikacji po\u015bwi\u0119conych duchowo\u015bci, rozwojowi osobistemu i Biblii, m.in. O duchowo\u015bci z krwi i ko\u015bci, Ksi\u0105\u017ceczka o mi\u0142osierdziu i Spodziewaj si\u0119 Dobra. Publikuje w \u201e\u017byciu Duchowym\u201d, \u201eW Drodze\u201d i na portalu DEON.pl. Mieszka w Krakowie.<\/p>\n","protected":false},"author":1,"featured_media":0,"parent":0,"menu_order":0,"comment_status":"closed","ping_status":"closed","template":"","meta":{"footnotes":""},"class_list":["post-23","page","type-page","status-publish","hentry","entry"],"_links":{"self":[{"href":"https:\/\/moc-sms.pl\/index.php\/wp-json\/wp\/v2\/pages\/23","targetHints":{"allow":["GET"]}}],"collection":[{"href":"https:\/\/moc-sms.pl\/index.php\/wp-json\/wp\/v2\/pages"}],"about":[{"href":"https:\/\/moc-sms.pl\/index.php\/wp-json\/wp\/v2\/types\/page"}],"author":[{"embeddable":true,"href":"https:\/\/moc-sms.pl\/index.php\/wp-json\/wp\/v2\/users\/1"}],"replies":[{"embeddable":true,"href":"https:\/\/moc-sms.pl\/index.php\/wp-json\/wp\/v2\/comments?post=23"}],"version-history":[{"count":1,"href":"https:\/\/moc-sms.pl\/index.php\/wp-json\/wp\/v2\/pages\/23\/revisions"}],"predecessor-version":[{"id":25,"href":"https:\/\/moc-sms.pl\/index.php\/wp-json\/wp\/v2\/pages\/23\/revisions\/25"}],"wp:attachment":[{"href":"https:\/\/moc-sms.pl\/index.php\/wp-json\/wp\/v2\/media?parent=23"}],"curies":[{"name":"wp","href":"https:\/\/api.w.org\/{rel}","templated":true}]}}