{"id":36,"date":"2023-06-14T13:41:28","date_gmt":"2023-06-14T11:41:28","guid":{"rendered":"https:\/\/moc-sms.pl\/?page_id=36"},"modified":"2023-07-09T20:16:49","modified_gmt":"2023-07-09T18:16:49","slug":"plan-spotkania","status":"publish","type":"page","link":"https:\/\/moc-sms.pl\/","title":{"rendered":"Plan spotkania"},"content":{"rendered":"\n<p class=\"has-secondary-background-color has-background\">Zapraszamy 2 lipca 2023 na m\u0119skie spotkanie w Starej Wsi<\/p>\n\n\n\n<p><strong>Zapraszamy Was na spotkanie m\u0119skich grup z terenu po\u0142udniowo-wschodniej Polski!<\/strong><\/p>\n\n\n\n<p>Czasami potrzebujemy momentu, aby spojrze\u0107 wok\u00f3\u0142 i zobaczy\u0107, \u017ce nie jeste\u015bmy sami. Spotkanie, kt\u00f3re organizujemy, ma na celu po\u0142\u0105czenie nas jako m\u0119\u017cczyzn, aby dzieli\u0107 si\u0119 swoimi historiami, wyzwaniami i sukcesami. Przyjd\u017acie i do\u015bwiadczcie atmosfery wzajemnego wsparcia, duchowej inspiracji i rozwoju osobistego.<\/p>\n\n\n\n<p><strong>Plan spotkania:<\/strong><\/p>\n\n\n\n<p class=\"has-white-color has-text-color\">13:30  Zawi\u0105zanie Wsp\u00f3lnoty, m\u0119skie uwielbienie<br>14:00 Cz\u0119\u015b\u0107 Chwalebna R\u00f3\u017ca\u0144ca \u015awi\u0119tego<br>14:30 Konferencja: Cia\u0142o Ko\u015bcio\u0142a &#8211; Cia\u0142o Chrystusa &#8211; o. Dariusz Pi\u00f3rkowski<br>15:30 Czas \u015bwiadectw<br>16:00 Praca w grupach<br>17:00 Eucharystia &#8211; celebruje i homili\u0119 wyg\u0142osi bp Stanis\u0142aw Jamrozek<br>18:00 Rozes\u0142anie<\/p>\n\n\n\n<p><\/p>\n\n\n<p>Nagrania ze spotkania:<br>\u015awiadectwa: Janek (M\u0119\u017cczyzna \u015bw. J\u00f3zefa), Radek (Wojownik Maryi), Pawe\u0142 (M\u0119\u017cczyzna \u015bw. Andrzeja Boboli)<\/p>\n<p><iframe loading=\"lazy\" title=\"YouTube video player\" src=\"https:\/\/www.youtube.com\/embed\/1ucKIRCjCXA\" width=\"560\" height=\"315\" frameborder=\"0\" allowfullscreen=\"allowfullscreen\"><\/iframe><\/p>\n\n<audio class=\"wp-audio-shortcode\" id=\"audio-36-1\" preload=\"none\" style=\"width: 100%;\" controls=\"controls\"><source type=\"audio\/mpeg\" src=\"https:\/\/media.mezczyzni.net\/main\/media\/audio\/MOC\/2023-07-02-MOC-SMS-Swiadectwa.mp3?_=1\" \/><a href=\"https:\/\/media.mezczyzni.net\/main\/media\/audio\/MOC\/2023-07-02-MOC-SMS-Swiadectwa.mp3\">https:\/\/media.mezczyzni.net\/main\/media\/audio\/MOC\/2023-07-02-MOC-SMS-Swiadectwa.mp3<\/a><\/audio>\n\n\n<p><\/p>\n\n\n<p>Cia\u0142o Ko\u015bcio\u0142a &#8211; Cia\u0142o Chrystusa &#8211; o. Dariusz Pi\u00f3rkowski SJ<\/p>\n<p><iframe loading=\"lazy\" title=\"YouTube video player\" src=\"https:\/\/www.youtube.com\/embed\/qfPfW4iROP8\" width=\"560\" height=\"315\" frameborder=\"0\" allowfullscreen=\"allowfullscreen\"><\/iframe><\/p>\n\n<audio class=\"wp-audio-shortcode\" id=\"audio-36-2\" preload=\"none\" style=\"width: 100%;\" controls=\"controls\"><source type=\"audio\/mpeg\" src=\"https:\/\/media.mezczyzni.net\/main\/media\/audio\/MOC\/2023-07-02-MOC-SMS-Nauczanie-CialoKosciolaCialoChrystusa-oDariuszPiorkowskiSJ.mp3?_=2\" \/><a href=\"https:\/\/media.mezczyzni.net\/main\/media\/audio\/MOC\/2023-07-02-MOC-SMS-Nauczanie-CialoKosciolaCialoChrystusa-oDariuszPiorkowskiSJ.mp3\">https:\/\/media.mezczyzni.net\/main\/media\/audio\/MOC\/2023-07-02-MOC-SMS-Nauczanie-CialoKosciolaCialoChrystusa-oDariuszPiorkowskiSJ.mp3<\/a><\/audio>\n\n\n<p><p>Homilia &#8211; bp. Stanis\u0142aw Jamrozek<\/p>\n\n<p><iframe loading=\"lazy\" title=\"YouTube video player\" src=\"https:\/\/www.youtube.com\/embed\/GCtZB_urc6E\" width=\"560\" height=\"315\" frameborder=\"0\" allowfullscreen=\"allowfullscreen\"><\/iframe><\/p>\n\n<audio class=\"wp-audio-shortcode\" id=\"audio-36-3\" preload=\"none\" style=\"width: 100%;\" controls=\"controls\"><source type=\"audio\/mpeg\" src=\"https:\/\/media.mezczyzni.net\/main\/media\/audio\/MOC\/2023-07-02-MOC-SMS-Homilia-bpJamrozek.mp3?_=3\" \/><a href=\"https:\/\/media.mezczyzni.net\/main\/media\/audio\/MOC\/2023-07-02-MOC-SMS-Homilia-bpJamrozek.mp3\">https:\/\/media.mezczyzni.net\/main\/media\/audio\/MOC\/2023-07-02-MOC-SMS-Homilia-bpJamrozek.mp3<\/a><\/audio>\n\n\n\n<p><\/p>\n","protected":false},"excerpt":{"rendered":"<p>Zapraszamy 2 lipca 2023 na m\u0119skie spotkanie w Starej Wsi Zapraszamy Was na spotkanie m\u0119skich grup z terenu po\u0142udniowo-wschodniej Polski! Czasami potrzebujemy momentu, aby spojrze\u0107 wok\u00f3\u0142 i zobaczy\u0107, \u017ce nie jeste\u015bmy sami. Spotkanie, kt\u00f3re organizujemy, ma na celu po\u0142\u0105czenie nas jako m\u0119\u017cczyzn, aby dzieli\u0107 si\u0119 swoimi historiami, wyzwaniami i sukcesami. Przyjd\u017acie i do\u015bwiadczcie atmosfery wzajemnego&hellip; <a class=\"more-link\" href=\"https:\/\/moc-sms.pl\/\">Czytaj dalej <span class=\"screen-reader-text\">Plan spotkania<\/span><\/a><\/p>\n","protected":false},"author":1,"featured_media":0,"parent":0,"menu_order":0,"comment_status":"closed","ping_status":"closed","template":"","meta":{"footnotes":""},"class_list":["post-36","page","type-page","status-publish","hentry","entry"],"_links":{"self":[{"href":"https:\/\/moc-sms.pl\/index.php\/wp-json\/wp\/v2\/pages\/36","targetHints":{"allow":["GET"]}}],"collection":[{"href":"https:\/\/moc-sms.pl\/index.php\/wp-json\/wp\/v2\/pages"}],"about":[{"href":"https:\/\/moc-sms.pl\/index.php\/wp-json\/wp\/v2\/types\/page"}],"author":[{"embeddable":true,"href":"https:\/\/moc-sms.pl\/index.php\/wp-json\/wp\/v2\/users\/1"}],"replies":[{"embeddable":true,"href":"https:\/\/moc-sms.pl\/index.php\/wp-json\/wp\/v2\/comments?post=36"}],"version-history":[{"count":10,"href":"https:\/\/moc-sms.pl\/index.php\/wp-json\/wp\/v2\/pages\/36\/revisions"}],"predecessor-version":[{"id":61,"href":"https:\/\/moc-sms.pl\/index.php\/wp-json\/wp\/v2\/pages\/36\/revisions\/61"}],"wp:attachment":[{"href":"https:\/\/moc-sms.pl\/index.php\/wp-json\/wp\/v2\/media?parent=36"}],"curies":[{"name":"wp","href":"https:\/\/api.w.org\/{rel}","templated":true}]}}